2 - 671*m + 6737. Calculate k(-105).
17
Let s(k) = 59354*k - 593512. Calculate s(10).
28
Let i(c) = c**2 - 461*c + 45215. Calculate i(142).
-83
Let o(w) = 20*w**3 + 6*w**2 + 229*w + 889. What is o(-4)?
-1211
Let g(z) = -113141*z - 339417. Calculate g(-3).
6
Let j(i) = -i**2 + 70688*i - 30350593. Determine j(432).
-1
Let h(a) = -a**3 - 9*a**2 + 8632*a + 43099. Calculate h(-5).
-161
Let a(n) = 1340*n + 21528. What is a(-17)?
-1252
Let k(d) = -d**2 - 825*d - 77449. Determine k(-108).
-13
Let j(i) = 2450*i + 1185797. Calculate j(-484).
-3
Let t(n) = -2*n**3 + 187*n**2 - 272*n + 529. Calculate t(92).
897
Let z(v) = 10958*v + 278. Give z(0).
278
Let n(k) = -2*k**3 + 38*k**2 + 1222*k + 145. Give n(36).
73
Let c(w) = 6*w**2 - 110*w + 253. Determine c(11).
-231
Let b(h) = -33*h**3 - 1351*h**2 - 1354*h - 1. Calculate b(-1).
35
Let i(x) = -9*x**3 - 592*x**2 - 591*x + 4. Determine i(-1).
12
Let g(h) = 24*h**3 + 342*h**2 + 74*h - 178. What is g(-14)?
-38
Let i(f) = f**3 - 36*f**2 + 17*f - 3577. Determine i(38).
-43
Let f(y) = -10*y**3 - 13*y**2 + 65*y - 297. Give f(0).
-297
Let s(p) = 3*p**3 + 603*p**2 - 31*p - 7377. Give s(-201).
-1146
Let s(h) = -2401*h + 7092. Calculate s(3).
-111
Let y(p) = -1532*p + 12463. What is y(7)?
1739
Let u(n) = 1644*n + 16408. What is u(-10)?
-32
Let c(b) = -1240*b**2 + 12398*b + 23. Calculate c(10).
3
Let x(d) = 89*d**2 + 336*d - 4. Give x(-9).
4181
Let a(z) = z**2 - 667*z + 104191. Give a(414).
-551
Let u(w) = -40481*w - 2509852. What is u(-62)?
-30
Let p(r) = -2*r**3 + 156*r**2 + 5357*r - 1323. Calculate p(-26).
3
Let v(r) = 565*r + 2773. What is v(-5)?
-52
Let u(b) = 182*b - 2609. Determine u(16).
303
Let m(n) = -520*n + 142390. Calculate m(273).
430
Let c(o) = -11*o**2 + 1976*o - 12718. Determine c(173).
-89
Let h(s) = 108*s**2 + 636*s + 1865. What is h(-3)?
929
Let k(x) = -4790*x + 3849. Give k(2).
-5731
Let h(c) = c**3 + 23*c**2 + 35*c + 122. What is h(-12)?
1286
Let k(f) = 7*f**3 - 117*f**2 + 79*f + 2620. What is k(14)?
2
Let c(y) = y**2 + 32*y - 12308. What is c(-142)?
3312
Let a(o) = -933*o - 95144. Determine a(-102).
22
Let t(k) = 252*k**2 + 645*k + 282. Give t(-2).
0
Let c(t) = t**2 - 40*t - 155. What is c(47)?
174
Let w(k) = k**2 + 58*k - 2174. Give w(25).
-99
Let b(a) = 77645*a - 1087010. Give b(14).
20
Let s(r) = -17*r**2 - 3739*r + 15219. Give s(4).
-9
Let l(x) = 2*x**3 + 8*x**2 + 1014*x + 6036. What is l(-6)?
-192
Let p(a) = -607*a + 40170. Give p(66).
108
Let p(q) = -53*q**2 - 1239*q - 486. Calculate p(-23).
-26
Let r(p) = 315*p - 67. Give r(5).
1508
Let s(u) = 15*u + 1512. Give s(-100).
12
Let m(a) = -a**3 + 304*a**2 - 1643*a + 132907. Determine m(300).
7
Let z(u) = 226*u**3 - 6*u**2 - 10*u + 11. Give z(1).
221
Let j(p) = 2*p**2 - 4048*p - 44765. Calculate j(-11).
5
Let k(b) = -64*b**2 + 7816*b - 982. What is k(122)?
-6
Let u(a) = -697*a + 41292. Calculate u(59).
169
Let h(u) = -u**2 + 59*u - 471. Determine h(9).
-21
Let n(b) = 83*b + 4941. Calculate n(-11).
4028
Let t(k) = 2*k**2 - 365*k - 5432. Give t(197).
281
Let j(u) = -37*u**2 + 7293*u - 43172. Determine j(191).
-6
Let r(n) = 5*n**2 - 454*n - 2309. What is r(-5)?
86
Let a(q) = q**2 + 603*q - 691758. Determine a(583).
-320
Let c(d) = 25293*d + 22915470. What is c(-906)?
12
Let u(t) = 307*t + 63. What is u(-3)?
-858
Let o(z) = 298032*z + 596072. Calculate o(-2).
8
Let c(s) = 15051*s + 3190829. What is c(-212)?
17
Let m(z) = 10*z**2 - 2713*z + 5388. Determine m(2).
2
Let o(h) = 174*h + 1129. Give o(-12).
-959
Let d(s) = -13*s**2 - 2899*s - 22. Calculate d(-223).
-22
Let k(a) = -a**3 - 59*a**2 + 285*a + 1066. Calculate k(7).
-173
Let d(i) = -i**3 - 16*i**2 - 89*i - 820. What is d(-14)?
34
Let b(t) = 15176*t - 42750786. Calculate b(2817).
6
Let p(z) = -8*z**2 - 45*z - 33. Determine p(-4).
19
Let z(a) = 123*a**2 - 1955*a + 360. Determine z(16).
568
Let i(o) = -o**3 + 101*o - 92. Give i(0).
-92
Let j(g) = -18*g**3 - 8*g**2 + 16*g + 61. What is j(-3)?
427
Let r(i) = -25*i**3 + 123*i**2 - 416*i + 2122. Calculate r(5).
-8
Let j(k) = k**3 + 93*k**2 + 755*k - 323. What is j(-84)?
-239
Let k(b) = -274*b - 2350. What is k(-8)?
-158
Let t(v) = 16017*v + 48026. Give t(-3).
-25
Let t(a) = 6*a**2 + 501*a + 4388. Determine t(-10).
-22
Let v(o) = o**2 + 72*o + 772. Give v(-61).
101
Let a(x) = -47*x**2 + 97*x + 1711. What is a(7)?
87
Let l(m) = -16*m**3 + 252*m**2 - 74*m + 1338. Give l(16).
-870
Let u(a) = 60*a + 22408. Calculate u(-376).
-152
Let y(s) = -1010*s + 45541. Determine y(45).
91
Let u(r) = 2*r**3 - 242*r**2 + 318*r + 18818. Calculate u(119).
16
Let k(x) = -x**3 - 496*x**2 - 38097*x - 210. What is k(-95)?
-20
Let c(l) = 50*l**2 + 12252*l + 369. Determine c(-245).
-121
Let j(u) = u**3 - 32*u**2 - 180*u - 206. Calculate j(40).
5394
Let t(g) = -2*g**2 - 26117*g + 287526. Calculate t(11).
-3
Let h(k) = 795*k**3 - 130378*k**2 - 327*k - 173. What is h(164)?
-9
Let z(f) = 3328*f + 53093. What is z(-16)?
-155
Let b(z) = -z**2 - 3076*z - 306208. What is b(-103)?
11
Let u(g) = 1596*g + 1222. Calculate u(0).
1222
Let k(b) = 11*b**3 + 119*b**2 - 108*b - 927. What is k(-11)?
19
Let j(c) = -243*c**3 - 734*c**2 - 5. Determine j(-3).
-50
Let p(b) = 480*b**2 - 191*b + 488. Calculate p(2).
2026
Let o(n) = n**3 + 205*n**2 + 3201*n + 1445. Determine o(-188).
505
Let n(l) = l**2 + 3797*l - 3394373. Determine n(747).
-5
Let p(n) = -2*n**3 - 278*n**2 - 8519*n + 3430. What is p(-93)?
-11
Let p(n) = 95*n**2 + 17268*n - 3947. Give p(-182).
57
Let c(w) = -1115*w - 136294. Give c(-122).
-264
Let i(q) = q**3 + 36*q**2 - 33855*q - 1186249. Calculate i(-35).
-99
Let y(m) = 26*m**2 - 865*m - 1562. Determine y(35).
13
Let a(n) = -n**2 + 96*n - 760. Give a(0).
-760
Let r(k) = -20*k**2 - 6*k + 128. Determine r(8).
-1200
Let v(y) = -9*y**3 + 3*y**2 + 23*y - 33. What is v(4)?
-469
Let v(n) = n**3 + 205*n**2 + 7203*n + 112. Calculate v(-45).
-23
Let j(k) = 2912*k - 9286. Calculate j(3).
-550
Let z(g) = -7*g**2 + 1219*g - 26965. Calculate z(26).
-3
Let d(u) = -133540*u + 667663. Calculate d(5).
-37
Let w(x) = 23904*x - 4852529. Determine w(203).
-17
Let y(a) = a**3 - 12*a**2 - 134*a - 75. What is y(19)?
-94
Let b(l) = l**3 + 35*l**2 + 180*l + 229. Give b(-23).
2437
Let v(y) = -5*y**2 - 281*y - 3703. Calculate v(-35).
7
Let g(h) = -h**3 - 21*h**2 - 59*h + 98. Calculate g(-16).
-238
Let a(o) = -6*o**3 - 157*o**2 - 16*o + 262. Calculate a(-26).
2
Let b(j) = -13*j**3 - 20*j**2 + 125*j + 127. Give b(-1).
-5
Let r(w) = 3134*w**2 + 40740*w - 5. Calculate r(-13).
21
Let u(t) = -138*t**3 + 13*t**2 + 30*t - 59. Determine u(2).
-1051
Let g(l) = -358*l - 361. Give g(-1).
-3
Let b(o) = -292*o - 32022. Give b(-109).
-194
Let s(p) = -4*p**3 + 14*p**2 - 44*p + 6. Calculate s(3).
-108
Let m(z) = -z**3 + 106*z**2 + 1334*z - 5510. What is m(117)?
-11
Let i(u) = 42*u**2 + 283*u + 398. Calculate i(-5).
33
Let o(m) = -55*m + 4334. What is o(108)?
-1606
Let u(q) = -4*q**3 + 238*q**2 - 2240*q - 483. Calculate u(12).
-3
Let o(h) = 147*h - 544. Calculate o(11).
1073
Let n(h) = 6*h**3 - 65*h**2 + 129*h - 1543. Give n(11).
-3
Let w(f) = -f**3 - 182*f**2 - 91*f + 110540. Calculate w(-178).
2
Let i(p) = 6*p**2 - 156*p - 1961. Determine i(-12).
775
Let f(y) = 665*y + 517367. Calculate f(-778).
-3
Let d(b) = -245109*b + 245104. Calculate d(1).
-5
Let o(w) = 1995*w + 2142. Give o(0).
2142
Let i(q) = 73*q**2 + 64*q + 32. Determine i(-1).
41
Let n(o) = 218*o + 645. Give n(-3).
-9
Let c(p) = -5*p**3 - 89*p**2 + 839*p + 13773. Calculate c(-19).
-2
Let d(q) = 3436*q + 202903. Calculate d(-59).
179
Let f(t) = -6107*t - 24391. What is f(-4)?
37
Let h(a) = -285*a - 11665. Calculate h(-43).
590
Let f(l) = 6*l**3 - 9*l**2 - 8*l + 11. Calculate f(3).
68
Let y(f) = -1247*f - 26939. Determine y(-22).
495
Let p(z) = 16959*z - 152635. Calculate p(9).
-4
Let z(q) = 91*q**2 + 54*q + 89. Calculate z(-5).
2094
Let o(v) = 2*v**2 + 233770*v + 5. Calculate o(0).
5
Let h(i) = 292560*i + 1170232. Give h(-4).
-8
Let n(v) = 13495*v + 107930. Calculate n(-8).
-30
Let g(b) = -120*b**2 + 562*b - 1094. Give g(2).
-450
Let d(w) = -43884*w + 526640. Calculate d(12).
32
Let a(x) = -x**3 - 37*x**2 + 81*x + 3026. Give a(-37).
29
Let m(k) = -91*k**2 + 2992*k - 16296. Calculate m(26).
-20
Let g(n) = -6*n**3 + 72*n**2 - 372*n - 5. Determine g(10).
-2525
Let w(v) = 